when 16770896 is divided by 471?
470
Calculate the remainder when 119688296 is divided by 97.
93
What is the remainder when 1374290 is divided by 2144?
2130
Calculate the remainder when 773566 is divided by 42955.
376
Calculate the remainder when 8230387 is divided by 35.
32
What is the remainder when 16590401 is divided by 43?
12
What is the remainder when 10121474 is divided by 7?
6
What is the remainder when 2330040 is divided by 117?
102
What is the remainder when 11000463 is divided by 5500190?
83
What is the remainder when 26942745 is divided by 736?
729
Calculate the remainder when 58727 is divided by 5786.
867
What is the remainder when 70333166 is divided by 300569?
20
Calculate the remainder when 21680330 is divided by 13441.
13438
What is the remainder when 167187 is divided by 16704?
147
Calculate the remainder when 56900740 is divided by 14225174.
44
Calculate the remainder when 108144180 is divided by 6923.
6920
What is the remainder when 10031102 is divided by 52?
42
Calculate the remainder when 3233296 is divided by 118.
96
Calculate the remainder when 371936 is divided by 61638.
2108
What is the remainder when 151190683 is divided by 46?
45
What is the remainder when 5857919 is divided by 339?
338
Calculate the remainder when 12401363 is divided by 106.
105
What is the remainder when 984364 is divided by 98434?
24
Calculate the remainder when 1018354 is divided by 586.
472
What is the remainder when 166444518 is divided by 45?
3
What is the remainder when 1093091 is divided by 273265?
31
What is the remainder when 1522687 is divided by 117020?
1427
Calculate the remainder when 48783 is divided by 2866.
61
What is the remainder when 1221132 is divided by 187?
22
What is the remainder when 99901221 is divided by 28699?
2
What is the remainder when 30040 is divided by 323?
1
What is the remainder when 57900 is divided by 6031?
3621
Calculate the remainder when 5296917 is divided by 15048.
21
Calculate the remainder when 321024760 is divided by 5353.
5350
Calculate the remainder when 58956 is divided by 766.
740
What is the remainder when 89052 is divided by 4610?
1462
Calculate the remainder when 614685 is divided by 1869.
1653
Calculate the remainder when 24091262 is divided by 21.
20
Calculate the remainder when 125966315 is divided by 31491576.
11
Calculate the remainder when 779308 is divided by 24353.
12
Calculate the remainder when 3134062 is divided by 224.
78
Calculate the remainder when 72658032 is divided by 2906320.
32
Calculate the remainder when 45438257 is divided by 410.
7
Calculate the remainder when 179476 is divided by 175233.
4243
Calculate the remainder when 1380951 is divided by 1380888.
63
Calculate the remainder when 867736 is divided by 433851.
34
Calculate the remainder when 323486239 is divided by 2387.
2386
What is the remainder when 1136375 is divided by 8951?
8549
Calculate the remainder when 93585 is divided by 30249.
2838
Calculate the remainder when 18846713 is divided by 82.
79
What is the remainder when 1088052 is divided by 93?
45
What is the remainder when 60678 is divided by 2876?
282
What is the remainder when 3602794 is divided by 85?
69
Calculate the remainder when 1205444 is divided by 1693.
28
Calculate the remainder when 106626 is divided by 26578.
314
Calculate the remainder when 641413303 is divided by 14.
13
What is the remainder when 34171704 is divided by 54?
18
What is the remainder when 1192108 is divided by 397308?
184
What is the remainder when 16176133 is divided by 1069?
25
What is the remainder when 165334 is divided by 11?
4
Calculate the remainder when 152233 is divided by 468.
133
Calculate the remainder when 27185916 is divided by 134.
130
Calculate the remainder when 34357128 is divided by 64.
8
What is the remainder when 3281982 is divided by 95?
17
What is the remainder when 146460 is divided by 2761?
127
What is the remainder when 250599 is divided by 125049?
501
What is the remainder when 977807 is divided by 346?
11
What is the remainder when 13975042 is divided by 2969?
2928
Calculate the remainder when 705641 is divided by 379.
322
What is the remainder when 1978717 is divided by 2114?
13
What is the remainder when 1177709 is divided by 76?
13
What is the remainder when 1084041 is divided by 541750?
541
What is the remainder when 484151 is divided by 242064?
23
Calculate the remainder when 185160 is divided by 11485.
1400
What is the remainder when 13545579 is divided by 1537?
1535
What is the remainder when 12882613 is divided by 1732?
1729
Calculate the remainder when 9609 is divided by 9109.
500
What is the remainder when 441315 is divided by 441240?
75
What is the remainder when 28715385 is divided by 258697?
18
What is the remainder when 3562672 is divided by 1781333?
6
What is the remainder when 841343 is divided by 141?
137
Calculate the remainder when 86025359 is divided by 636.
635
Calculate the remainder when 1401762 is divided by 713.
4
What is the remainder when 237689857 is divided by 58?
57
Calculate the remainder when 229927 is divided by 47.
3
Calculate the remainder when 554266 is divided by 132.
130
Calculate the remainder when 8580618 is divided by 97.
95
What is the remainder when 1773455 is divided by 52140?
695
Calculate the remainder when 1023029 is divided by 271.
4
Calculate the remainder when 41516 is divided by 12945.
2681
What is the remainder when 15200518 is divided by 420?
298
What is the remainder when 60164146 is divided by 16597?
21
Calculate the remainder when 379002 is divided by 19887.
1149
Calculate the remainder when 3216172 is divided by 8.
4
Calculate the remainder when 676731 is divided by 1335.
1221
What is the remainder when 5833866 is divided by 233352?
66
What is the remainder when 18184 is divided by 17062?
1122
What is the remainder when 3410799 is divided by 49?
7
What is the remainder when 495417 is divided by 506?
43
What is the remainder when 21296518 is divided by 648?
646
Calculate the remainder when 30355 is divided by 1122.
61
Calculate the remainder when 520786 is divided by 4376.
42
Calculate the remainder when 368324 is divided by 55.
44
What is the remainder when 2223476 is divided by 849?
794
Calculate the remainder when 2108649 is divided by 7558.
7525
What is the remainder when 26734 is divided by 6079?
2418
What is the remainder when 770753 is divided by 1210?
1193
Calculate the remainder when 5388110 is divided by 1574.
308
Calculate the remainder when 682061 is divided by 45.
41
What is the remainder when 496971 is divided by 70885?
776
Calculate the remainder when 489044 is divided by 439.
437
What is the remainder when 17631271 is divided by 70?
21
Calculate the remainder when 90452 is divided by 5998.
482
What is the remainder when 57234 is divided by 7095?
474
What is the remainder when 2936547 is divided by 2403?
81
What is the remainder when 2260998 is divided by 2260987?
11
Calculate the remainder when 108637 is divided by 1509.
1498
What is the remainder when 14812437 is divided by 1851553?
13
Calculate the remainder when 1085149 is divided by 8752.
8653
What is the remainder when 1450352 is divided by 3153?
3125
What is the remainder when 112625 is divided by 1503?
1403
What is the remainder when 95686 is divided by 674?
652
Calculate the remainder when 6986510 is divided by 61.
58
What is the remainder when 25698550 is divided by 24?
22
Calculate the remainder when 149809377 is divided by 3090.
3087
What is the remainder when 178447 is divided by 393?
25
What is the remainder when 4158218 is divided by 14?
8
What is the remainder when 17078897 is divided by 4485?
17
What is the remainder when 175852373 is divided by 87926180?
13
Calculate the remainder when 154275 is divided by 154010.
265
Calculate the remainder when 346686 is divided by 1635.
66
What is the remainder when 17273743 is divided by 16?
15
Calculate the remainder when 45067 is divided by 22384.
299
What is the remainder when 3682 is divided by 1750?
182
Calculate the remainder when 83936 is divided by 9072.
2288
Calculate the remainder when 827018 is divided by 275603.
209
Calculate the remainder when 1719031 is divided by 143228.
295
What is the remainder when 24436006 is divided by 36?
34
What is the remainder when 124